4 and v.
84
Let x = 176 + -173. Suppose 0 = x*a - 732 + 6. Calculate the greatest common factor of a and 22.
22
Let s = -10365 + 10568. What is the highest common factor of 20503 and s?
203
Suppose -n + 25 = 4*n. Suppose -g - 48 = -n*g. Let h be ((-7)/(-7) - 10)*(-2)/6. What is the greatest common divisor of h and g?
3
Let v = -198 + 3. Let j = 203 + v. Suppose -13 = -2*d + 19. Calculate the highest common factor of d and j.
8
Suppose b + 3*b = 44. Let t = 67 + -65. Let v(s) = 4*s**2 - 9*s + 13. Let a be v(t). What is the greatest common divisor of a and b?
11
Let b(z) = 4*z**2 - 16*z - 544. Let r be b(-13). What is the greatest common divisor of r and 6885?
85
Let q = 287 + -87. Let c = q + -16. Let f(l) = 24*l - 1. Let a be f(1). Calculate the greatest common factor of c and a.
23
Let y(q) = q**3 + 59*q**2 - 93*q - 558. Let r be y(-60). What is the greatest common factor of r and 18?
18
Suppose -5*n + 17496 = -5*w - 3669, -2*n + 3*w + 8470 = 0. Suppose 0 = 30*h - 631 - n. What is the highest common divisor of 18 and h?
18
Suppose -16*g = -4*g - 48. Suppose -x = g*y + 4*x - 745, -187 = -y - x. Calculate the highest common divisor of 38 and y.
38
Suppose 5*u + 2*y - 570 = 0, -u + 932*y - 931*y = -107. What is the highest common factor of 1424 and u?
16
Suppose -2*n + 2*w + 1110 = 0, -78*n = -75*n - 4*w - 1670. Calculate the greatest common factor of n and 902.
22
Let r(o) = -4*o**3 - 148*o**2 + 317*o + 272. Let v be r(-39). Suppose -4*l = -0*l - 88. What is the highest common factor of v and l?
11
Suppose z + 2*u + 78 = -0*u, 4*z + 3*u = -327. Let i be (60/70)/((-9)/z). Calculate the highest common factor of 128 and i.
8
Suppose -4*s - 12 = i + 13, i - 20 = 5*s. Let f be (2 + 76 - s)*(0 + -1). Let o = f + 148. What is the greatest common factor of o and 5?
5
Suppose 52*t + 8169 = 73*t. Let h = t + -378. Calculate the greatest common factor of h and 99.
11
Suppose 2*h = y + 60000 - 20747, -98128 = -5*h + y. Calculate the highest common divisor of h and 157.
157
Let l = 14749 - 14364. Calculate the greatest common factor of 220 and l.
55
Let x = 29 + -12. Let z = x + -18. Let k be (-1)/(4/(-1148)) - z. Calculate the highest common factor of k and 36.
36
Let g = -13918 + 14173. Calculate the highest common divisor of 435 and g.
15
Let f(s) = -13*s**2 - 51*s - 16. Let i be f(-3). What is the highest common factor of i and 430?
10
Let x be 83 - 312/260*10/4. What is the highest common factor of x and 1960?
40
Suppose -640 = -4*m + 4*d, 328 = 2*m - 11*d + 13*d. What is the highest common divisor of m and 891?
81
Suppose 76*r - 2536 = 35*r - 814. Let p be (-4)/3*(-5 + 2). Suppose -8 = 4*u, -3*u + 0*u = -p*w + 62. Calculate the highest common factor of w and r.
14
Suppose -f + 3*x = -118, -300 - 32 = -3*f - 2*x. Let r = -69 + 31. Let w = -24 - r. Calculate the highest common factor of f and w.
14
Let g(o) = -25*o**2 - 14 + 7*o**2 + 2*o**3 + o**3 - 2*o**3 + 34*o. Let y be g(16). What is the highest common factor of 9 and y?
9
Let d be 3/(-2)*464/(-2). Suppose 192 + 312 = 42*y. What is the greatest common factor of y and d?
12
Let u(m) = -210*m - 13. Let r be u(-1). Let b = -103 + r. Let w = 126 - b. What is the highest common factor of 16 and w?
16
Suppose -4 - 23 = -3*r. Let d be (16/3)/(-13 + 1190/90) + 0. What is the greatest common divisor of d and r?
3
Suppose -12*s = -7*s - 50. Let d(p) = 2*p - 15. Let u be d(s). Suppose 253 = u*x + 73. What is the highest common divisor of x and 9?
9
Let x(d) = 53*d + 1465. Let j be x(11). Calculate the highest common factor of j and 16.
16
Let k = 14394 - 14371. Suppose -2*x = -737 + 1. What is the highest common factor of k and x?
23
Suppose 3*u - 59 = 47*i - 42*i, -33 = -u - i. Suppose -l + u = 5*v, 4*l - 23 + 61 = 5*v. What is the highest common divisor of 222 and v?
6
Let v(o) = -3845*o + 11616. Let l be v(3). Suppose c - 10 = 4*h + 7, -5*h = 2*c - 8. What is the highest common divisor of l and c?
9
Suppose -3*x - 452 = -5*h, 0*h - 4*x - 456 = -5*h. Suppose -66 + 198 = c. Calculate the highest common factor of c and h.
44
Suppose 49*x - 7823 - 15452 = 0. Calculate the highest common divisor of 361 and x.
19
Let v = -8265 - -8291. What is the highest common divisor of 6760 and v?
26
Let p be (-4 - -6) + 1 - -45. Let a = 160 - 154. What is the highest common factor of a and p?
6
Let m = -58 + 54. Suppose 12*k = 14*k - 48. Let b be 708/k - 2/m. Calculate the greatest common factor of 240 and b.
30
Suppose 0 = -k + r + 2, 5 = 5*r + 30. Let a be (-16 - (-2 + 5))*k. What is the greatest common divisor of 3 and a?
3
Suppose -2 = 2*f, 11*v = 6*v - 3*f + 1317. Calculate the greatest common factor of v and 108.
12
Suppose 0 = 11*v - 9*v - 5*v + 960. What is the greatest common factor of 1856 and v?
64
Let z = 310 - 313. Let u be -1 + 0/(z - -4) - -6. Let h be 32/6 + (-2)/6. Calculate the highest common divisor of u and h.
5
Suppose 11 = 2*g + 3*v, 4*g + 6*v - 87 = 13*v. What is the highest common factor of g and 13?
13
Let n be 1*(-380 + (-9)/3). Let w = n - -389. What is the highest common divisor of 366 and w?
6
Suppose -254*n + 43397 = 3*l - 258*n, 2*l - 28936 = 2*n. What is the highest common divisor of 75 and l?
75
Let d be (-7 + -882)/(7 + -14). What is the highest common divisor of d and 2921?
127
Let i = -42 - -53. Let f = i + -9. Let p be (-63)/f*(2 - (-32)/(-12)). What is the greatest common factor of p and 168?
21
Let r be (-1065 + -1)/(256/(-1152)). What is the greatest common factor of r and 205?
41
Let q = -28 + 14. Let r be 46 + q - (-1 + 1). Suppose 0*n = -o + 4*n + 140, 244 = 2*o + 4*n. Calculate the greatest common divisor of o and r.
32
Let f(n) = 4 - n - 6*n**2 + 6*n**3 + 18*n**2 - 7*n**3 + 2*n**3. Suppose 4*q = -50 + 2. Let d be f(q). Calculate the highest common factor of 88 and d.
8
Suppose u - 173 = -2*a, -64*u = 4*a - 59*u - 355. Calculate the greatest common divisor of a and 14195.
85
Suppose -17*o + 893 = -127. What is the highest common factor of o and 1800?
60
Let a = -247 - -252. Suppose -j = -a*j - n + 9, -5*j - 3*n = -20. What is the highest common factor of 30 and j?
1
Let x be 0*(-3)/(-6) - -72. Suppose 68 - 140 = -5*k + 108. Calculate the highest common factor of x and k.
36
Let t = 470 - 401. Suppose 261 = 5*j - t. Calculate the highest common factor of 30 and j.
6
Suppose 10*o = 4235 - 775. Let r = o - 237. Let k = r - 10. Calculate the greatest common divisor of k and 11.
11
Suppose 5*p + 4*q - 1629 = 22972, -p - 4*q = -4901. Calculate the greatest common factor of 394 and p.
197
Suppose 0 = 3*y + y - 84. Suppose -4*u - 4*w + 124 = 0, -2*u + 3*w - 8*w + 71 = 0. Suppose -u = -y*g + 20*g. What is the highest common factor of 42 and g?
14
Suppose 3*j - 24 = v, 27 = -4*j + 6*j + 3*v. Suppose 3*p - 4*o - 824 = 0, j*p - 7*p + 3*o - 572 = 0. What is the greatest common factor of p and 56?
56
Let t = 518 + -164. Let a = 409 - t. Calculate the greatest common divisor of 88 and a.
11
Let z = 68 + -51. Let t = -20 + -14. Let f be t/4*(-14)/7. Calculate the highest common divisor of z and f.
17
Suppose -11*b = 5*b - 336. Suppose -4*r + 148 = 4*k, -24*r + 96 = -b*r - 2*k. Calculate the highest common divisor of r and 2.
2
Let o(b) = b**3 - 29*b**2 + 75*b + 53. Let x be o(27). Let s = 748 - x. What is the greatest common factor of 1 and s?
1
Suppose 0 = 27*p - 19*p. Suppose 4*d + 4 - 48 = p. Let r be 47 + ((-7)/((-7)/2) - 5). Calculate the highest common factor of r and d.
11
Let a be (-2 + (-5)/(-5))*-5. Let u be a*((-2)/22 - (-245)/275). What is the highest common factor of u and 12?
4
Let i = -282 - -284. Suppose -i*x - 10*x = -612. Calculate the greatest common divisor of x and 6.
3
Let b(j) = 86*j + 6716. Let v be b(-52). Calculate the highest common divisor of v and 1632.
204
Suppose -2*t - 3*c + 3411 + 6202 = 0, 2*t + 4*c = 9608. What is the highest common divisor of t and 87?
29
Let s(l) = -9*l**2 + 12*l + 50. Let d(p) = 2*p**2 - 2*p. Let g(v) = 5*d(v) + s(v). Let i = 9 - 9. Let y be g(i). What is the highest common factor of y and 20?
10
Suppose b + 36 = -5*k - 3*b, 5*b + 40 = -5*k. Let c = k - -8. Let z be (-2576)/483*-2*3/(-4)*-1. What is the greatest common factor of c and z?
4
Suppose -10*s + 14*s - 5*b - 73 = 0, -46 = -3*s - 5*b. Calculate the greatest common factor of 68 an